*c + 5232. What is v(5)?
-38
Let b(i) = 278*i + 10625. Give b(-38).
61
Let l(r) = -8143*r + 48888. Determine l(6).
30
Let q(i) = 2*i**3 + 3*i**2 + 545*i + 2916. Calculate q(-5).
16
Let o(u) = 6*u**3 - 3*u**2 + 1106*u + 693. Calculate o(0).
693
Let j(k) = k**3 + 2*k**2 - 257*k + 665. Give j(14).
203
Let c(y) = 2*y**2 + 285*y + 8211. Determine c(-37).
404
Let t(y) = -17*y**2 - 1914*y - 1242. What is t(-112)?
-122
Let c(a) = 447*a - 50549. Calculate c(113).
-38
Let j(l) = l**2 - 349*l - 68425. Calculate j(-140).
35
Let v(d) = -d**3 + 13*d**2 + 70*d - 57. Determine v(17).
-23
Let i(p) = 2*p**2 - 625*p + 47734. Calculate i(129).
391
Let w(k) = -k**2 - 133*k - 3110. What is w(-28)?
-170
Let s(m) = -m**2 - 10134*m + 182521. Determine s(18).
-215
Let z(r) = 220*r - 6278. What is z(27)?
-338
Let l(a) = -68*a**2 + 559*a + 738. Calculate l(9).
261
Let n(j) = 58*j - 1589. Determine n(10).
-1009
Let b(z) = -4*z**2 - 448*z - 7399. What is b(-92)?
-39
Let k(a) = 13961*a + 5947383. Determine k(-426).
-3
Let x(c) = 62*c + 610. Determine x(14).
1478
Let b(o) = o**2 - 863*o - 3468. What is b(-4)?
0
Let j(d) = -7*d**2 + 1594*d + 16636. Calculate j(-10).
-4
Let q(j) = -j**3 - 177*j**2 - 233*j - 8380. Give q(-176).
1652
Let z(w) = w**3 - 46*w**2 + 145*w - 694. Give z(43).
-6
Let n(y) = y**3 + 62*y**2 + 920*y - 1074. What is n(-34)?
14
Let j(m) = 4*m**2 + 187*m + 3778. What is j(-56)?
5850
Let v(n) = -4*n**3 - 412*n**2 - 653*n - 24921. Calculate v(-102).
69
Let v(u) = u**3 + 138*u**2 + 3924*u + 41. What is v(-40)?
-119
Let g(m) = 2*m**3 + 51*m**2 + 5993*m + 141993. What is g(-24)?
-111
Let l(s) = -s**3 - 94*s**2 - 22*s - 2113. What is l(-94)?
-45
Let m(c) = c**2 + 355*c + 883. What is m(0)?
883
Let b(d) = -6*d**2 - 4229*d + 34218. Give b(8).
2
Let o(n) = 1747*n - 22453. Calculate o(13).
258
Let d(g) = -15*g**2 - 219*g - 2085. Give d(-9).
-1329
Let m(c) = c**3 + 234*c**2 - 1024*c - 17137. Determine m(-238).
-1
Let m(o) = 7848*o + 1592958. What is m(-203)?
-186
Let h(p) = p**2 + 944*p + 74569. Determine h(-87).
10
Let h(b) = 14110*b + 253992. Determine h(-18).
12
Let p(f) = -f**2 - 8157*f + 81698. Give p(10).
28
Let r(b) = 4*b**2 - 953009*b - 953010. Calculate r(-1).
3
Let p(v) = 136*v**2 + 16729*v + 135. Give p(-123).
12
Let s(p) = 4353*p + 82667. Calculate s(-19).
-40
Let w(a) = 5*a**2 + 286*a - 3243. Determine w(-67).
40
Let f(j) = j**3 + 33*j**2 + 173*j + 5715. Determine f(-33).
6
Let i(o) = -378*o**2 + 17619*o + 6911. Determine i(47).
2
Let p(o) = -29*o**2 - 945*o + 235. What is p(-33)?
-161
Let q(k) = k**3 + 19*k**2 + 33*k - 18. Give q(-19).
-645
Let l(p) = 52701*p + 52694. Determine l(-1).
-7
Let v(r) = -2*r**3 + 264*r**2 + 178*r - 57662. Calculate v(131).
-22
Let t(n) = -70*n**2 - 18202*n - 346. What is t(-260)?
174
Let x(l) = -862987*l - 4314930. Calculate x(-5).
5
Let n(z) = -9*z**2 + 516*z - 4298. Calculate n(10).
-38
Let l(q) = 2150*q + 184874. Determine l(-86).
-26
Let v(x) = -x**2 + 58*x - 1207. What is v(37)?
-430
Let y(n) = -5*n**3 + 209*n**2 - 317*n + 6273. Calculate y(41).
0
Let b(r) = 3*r**3 + 13*r**2 - 47*r - 35. Determine b(-8).
-363
Let k(y) = -49755*y + 497536. Give k(10).
-14
Let o(x) = -x**2 - 29493*x - 206398. What is o(-7)?
4
Let f(v) = 11*v**2 - 525*v + 1784. Calculate f(44).
-20
Let f(l) = 6*l**2 + 591*l - 5908. Give f(-107).
-451
Let p(x) = x**3 - 51*x**2 + 628*x - 812. Determine p(27).
-1352
Let p(i) = -i**2 - 84*i + 12699. Calculate p(77).
302
Let z(y) = y**3 + 408*y**2 + 44*y + 17948. Give z(-408).
-4
Let b(w) = -50*w**2 - 2719*w - 32159. Calculate b(-37).
-6
Let x(s) = 55*s**3 + 161*s**2 + 26*s + 50. Give x(-3).
-64
Let p(g) = 176393*g + 4762622. Calculate p(-27).
11
Let s(h) = h**3 + 2*h**2 - 670*h + 16970. Give s(-35).
-5
Let v(c) = -283842*c - 1986885. Determine v(-7).
9
Let g(v) = -103*v + 4141. Give g(39).
124
Let u(x) = x**2 - 1538*x - 82664. Determine u(-52).
16
Let c(f) = -14*f**2 - 92*f + 752. Determine c(-11).
70
Let r(n) = -4797*n - 417333. Determine r(-87).
6
Let d(k) = 2*k**3 + 15*k**2 - 58*k - 11. Calculate d(-9).
268
Let o(k) = -408725*k + 2043601. Give o(5).
-24
Let i(l) = 20*l**2 - 407*l + 194. Give i(20).
54
Let w(b) = -4*b**3 - 3*b**2 + 2*b + 158. Determine w(5).
-407
Let m(q) = 15*q**3 + 6*q + 17. Determine m(-2).
-115
Let r(i) = i**3 - 15*i**2 + 3219*i - 44794. Determine r(14).
76
Let j(l) = -23*l**2 + 13*l + 15205. Determine j(26).
-5
Let x(c) = 26*c**2 + 1670*c + 11708. What is x(-8)?
12
Let m(s) = 1219*s**3 - 2430*s**2 + 4*s - 8. What is m(2)?
32
Let p(o) = -3*o**2 - 11527*o - 149437. Calculate p(-13).
-93
Let i(l) = -3*l**2 - 713*l + 1077. What is i(-239)?
121
Let q(s) = -16687*s - 133448. Calculate q(-8).
48
Let f(m) = -3*m**2 - 125294*m + 626538. What is f(5)?
-7
Let i(u) = 3097*u - 520239. Calculate i(168).
57
Let x(b) = -321*b**2 + 3228*b - 159. Give x(10).
21
Let r(b) = -7*b**2 - 46*b + 205. Give r(-24).
-2723
Let l(k) = -k**3 + 32*k**2 - 263*k + 209. What is l(18)?
11
Let f(l) = -5*l**2 - 281*l + 39215. Determine f(-121).
11
Let c(r) = 439844*r - 879600. Give c(2).
88
Let z(d) = 22594*d - 1807575. Give z(80).
-55
Let l(h) = 45910*h + 7621064. Calculate l(-166).
4
Let t(o) = -2*o**2 + 249*o - 2703. What is t(12)?
-3
Let t(y) = -7*y**3 + 134*y**2 - 387*y + 1. Give t(3).
-143
Let w(k) = 6614*k - 264595. Give w(40).
-35
Let i(n) = -381*n**2 + 38097*n + 293. What is i(100)?
-7
Let i(t) = t**3 + 387*t**2 - 2647*t - 411. What is i(7)?
366
Let c(s) = s**2 + 13793*s + 124061. What is c(-9)?
5
Let g(v) = v**2 - 28083*v - 618323. Determine g(-22).
-13
Let v(a) = a**3 + 95*a**2 + 2223*a - 130. Give v(-46).
1296
Let r(g) = g**2 + 189*g + 8834. Determine r(-105).
14
Let r(o) = -1034*o**2 + 29*o + 27. Determine r(-1).
-1036
Let w(m) = 272*m + 2902. Calculate w(-10).
182
Let p(w) = 2107*w + 17178. Calculate p(-8).
322
Let k(v) = v**2 - 165*v + 7040. Calculate k(91).
306
Let a(b) = -331870*b + 2654959. Calculate a(8).
-1
Let g(z) = z**3 - 17*z**2 - 4562*z + 90032. Give g(20).
-8
Let m(r) = 6*r**2 + 552*r - 9757. What is m(18)?
2123
Let r(j) = 21947*j - 746099. Give r(34).
99
Let t(z) = -z**3 - 11*z**2 - 476*z - 4078. Determine t(-9).
44
Let s(x) = -x**3 + 5*x**2 + 32*x + 79. Calculate s(-4).
95
Let x(s) = 27*s**2 + 559*s - 751. Determine x(-22).
19
Let u(y) = -2*y**2 - 675*y + 1672. Determine u(-340).
-28
Let o(s) = 4129*s + 1085965. What is o(-263)?
38
Let o(d) = 5*d**2 + 855*d + 2580. Determine o(-3).
60
Let r(o) = o**3 + 95*o**2 + 418*o + 4931. Give r(-91).
17
Let s(a) = -a**3 - 501*a**2 + 1510*a + 5. Give s(3).
-1
Let h(o) = -1736*o + 885648. Give h(510).
288
Let n(w) = 15718*w**2 - 204447*w + 1477. What is n(13)?
8
Let m(u) = -1661*u**2 + 111*u - 49. Determine m(1).
-1599
Let b(z) = 11*z**2 + 943*z - 735. Calculate b(-86).
-477
Let p(b) = 2*b**3 + 99*b**2 - 370*b - 76. Give p(-53).
-129
Let y(p) = 7*p**2 - 7434*p - 221459. What is y(-29)?
14
Let u(n) = -1852*n + 18322. Calculate u(12).
-3902
Let r(m) = -3*m**3 - 85*m**2 - 6439*m - 170940. Give r(-27).
-3
Let r(n) = 13*n**3 - 2458*n**2 + 194*n - 113. What is r(189)?
832
Let u(y) = 6*y**3 + 642*y**2 - 5*y + 184. Determine u(-107).
719
Let f(h) = 188*h - 25733. Calculate f(137).
23
Let y(x) = -6072*x**2 + 24299*x - 10. What is y(4)?
34
Let w(k) = -k**3 - 150*k**2 - 689*k + 5217. Give w(-145).
-3
Let m(z) = -z**2 + 210*z + 6341. Give m(-26).
205
Let c(v) = 8*v**3 - 3334*v**2 + 151110*v + 7. Calculate c(365).
7
Let j(m) = -2*m**3 - 89*m**2 - 805*m - 2044. Give j(-5).
6
Let f(n) = n**2 - 470*n - 13977. Determine f(-28).
-33
Let q(f) = -6309*f + 239690. Give q(38).
-52
Let j(k) = 62259*k + 186167. What is j(-3)?
-610
Let s(x) = -143*x - 2296. Calculate s(-18).
278
Let x(h) = 94*h**2 - 4797*h + 158. What is x(51)?
5
Let w(r) = 385071*r + 1925369. Give w(-5).
14
Let i(w) = 3890*w + 23345. Calculate i(-7).
-3885
Let w(s) = 3*s**2 - 652*s - 64659. Determine w(-74).
17
Let k(d) = -d**2 - 278*d + 202506. What is k(-610)?
-14
Let w(o) = 225*o + 44042. Give w(-196).
-58
Let r(u) = u**2 - 435*u + 45450. Calculate r(175).
-50
Let p(h) = -95080*h - 25. Calculate p(0).
-25
Let a(p) = 2*p**2 - 571*p + 38878. Calculate a(173).
-47
Let j(s) = s**3 - 279*s**2 - 64930*s + 2. Determine j(430).
2
Let w(z) = 34292*z + 137220. Give w(-4).
52
Let u(q) = 10716*q - 117873. What is u(11)?
3
L